)/(-4) + 6/a?
9
Let g = 125386 - 81796. What is the hundreds digit of g?
5
Let c = -45 - -72. Let z(f) = 16*f - 4. What is the tens digit of z(c)?
2
Suppose 0 = -4*d + d + 3249. Suppose 2*y = d + 15. What is the tens digit of y?
4
Let i(j) = -30*j - 119. Let g be i(-4). What is the tens digit of g/1 + 948/1?
4
Let d be (-2 - -3)*(-149 - (1 - 3)). Let h = d + -162. Let v = 578 + h. What is the units digit of v?
9
Let j be -6*-5*(-4)/(-30). Suppose -3*z + 354 = 2*b, -j*b - z = 208 - 896. What is the tens digit of b?
7
Suppose 1508433 = 73*i + 31*i + 55*i. What is the thousands digit of i?
9
What is the tens digit of 468*(-10 - (-126)/12)*46?
6
Let j = 74974 + -16471. What is the hundreds digit of j?
5
Suppose -4*d - 43 = 3*u - 5*d, -2*u = 2*d + 42. What is the units digit of u/64 + ((-52210)/8)/(-5)?
5
Let w(s) = 7*s - 48. Let a(y) = -1. Let c(r) = -6*a(r) - w(r). What is the units digit of c(2)?
0
Let z be -7 + 3 + 4 + 22. What is the hundreds digit of (-1832)/(-14)*77/z?
4
Let k(p) = 8*p**2 + 18*p + 1. Let j(b) = 3*b - 17. Let v be j(3). What is the hundreds digit of k(v)?
3
Suppose y + y = -d + 954, 5*d = -y + 477. Let o = 1066 - y. What is the tens digit of o?
8
Let q be ((-3)/9)/(2/(-36)). Suppose 3*p - q*p - l = 46, 4*l - 71 = 5*p. What is the tens digit of -4 + 3 - -1 - p?
1
Suppose 816*d = 812*d + 45312. What is the ten thousands digit of d?
1
Let h = 237 + -244. Let k(v) = -96*v - 136. What is the units digit of k(h)?
6
Suppose 0 = -7*s + 5*s + 34. Let j = 22 - s. Suppose j*q = -43 + 408. What is the tens digit of q?
7
Suppose -3*x + 4*y = -131, 4*x - y = -5*y + 212. Let m = x + -31. Suppose m*z = 21*z - 744. What is the units digit of z?
8
Let c(u) = 2*u + 1. Let g be c(5). Suppose -975 = -26*l + 5551. Suppose g*o - 1252 = -l. What is the tens digit of o?
9
Suppose -b + 123 = 113. Suppose -4 = 5*m - 2*y, -2*m = 2*y + 6 - b. Suppose -3*c - 2*c = 2*p - 79, m = 4*p - 8. What is the units digit of c?
5
Suppose 30772 = 4*t - 7*g + 3*g, -3*t = 2*g - 23074. What is the thousands digit of t?
7
Let g(f) = f + 12. Let j be g(2). Suppose -5*y = -i - j, 3 - 1 = 2*i. Suppose y*b + 4*a = a + 303, 105 = b + 3*a. What is the tens digit of b?
9
Let u(m) = -72*m - 221*m - 395*m + 59*m - 98*m. What is the units digit of u(-1)?
7
Let i(n) = -82*n**3 - 2*n**2 - 2*n + 1. Let h be i(-2). Suppose -3*s = -h + 371. What is the units digit of s?
4
Let u(m) be the first derivative of m**2 - 9*m + 1. Let g(q) = -q + 5. Let z(x) = -7*g(x) - 4*u(x). What is the units digit of z(-6)?
7
Let y(m) = 9*m - 75. Let o be y(14). Suppose -2*r + 83 = -2*i + 29, 0 = -3*r - 3*i + o. What is the units digit of r?
2
Let p(y) = -3*y**3 + 108*y**2 - 59*y + 166. Let t(a) = a**3 - 36*a**2 + 20*a - 55. Let z(j) = -2*p(j) - 7*t(j). What is the hundreds digit of z(35)?
5
Suppose -9734631 - 5166403 = -569*r - 4232284. What is the hundreds digit of r?
7
Let s(g) = 40*g + 206. Let i(c) = 19*c + 104. Let y(p) = 5*i(p) - 3*s(p). What is the hundreds digit of y(-28)?
6
Let b = -78 + 80. Suppose b*o - 4 = 4. Suppose o*x + 2*i - 191 = 827, -5*x = 5*i - 1285. What is the hundreds digit of x?
2
Let y be -6*((-49)/(-14) + -4). What is the units digit of (0 + 1)/(y*10/17970)?
9
Let q = -6073 - -10628. What is the tens digit of q?
5
What is the ten thousands digit of (-49)/273*24/(-28) + (-327767)/(-13)?
2
Let o(b) = -5*b**3 - 6*b**2 + b - 4. Let t be o(-8). Suppose -220*u + 216*u = -t. What is the tens digit of u?
4
Let u be 16/8 - (-6)/(-4)*2. What is the tens digit of ((-1260)/8)/(u - 5/(-8))?
2
Suppose 203 + 199 = 2*v. Let q = 656 - v. Let k = q - 324. What is the units digit of k?
1
Suppose 81*h = 74*h - 14. What is the hundreds digit of (47/h + -2)/((-43)/430)?
2
Suppose -24 = -9*o - 6. Suppose -8*c = -a - 10*c, o*c = 3*a - 16. Suppose 0 = -4*l + 5*x + 559, 4*l = -a*x + 510 + 22. What is the tens digit of l?
3
Suppose -5*a + 10*a - 10 = 0. Suppose a*s = g + 53, -2*g + 4*s = 5*s + 101. Let q = 62 - g. What is the tens digit of q?
1
Let y(q) = 82*q - 176*q + 85*q + q**2 + 6. What is the tens digit of y(-7)?
1
Let a = -43 + 47. Suppose j = b - 6, a*b + b - 21 = 4*j. What is the tens digit of (-42)/35*420/j?
5
Suppose l + 123 = -22. Let p = 536 - l. What is the tens digit of p?
8
Let l(a) = -a**3 + 4*a**2 - 35*a - 34. What is the units digit of l(-7)?
0
Let p(u) = 146*u - 500. What is the thousands digit of p(31)?
4
Let t be (-6506)/(-3) + 2/(-24)*-4. Suppose 7*d - 16*d = -t. What is the units digit of d?
1
Suppose -p - 3*q - 12 = 0, -p - 2*q + 4*q = -13. Suppose 5*v + p*t - 1413 = 4*t, 5*v + 2*t = 1419. What is the tens digit of v?
8
Suppose r = 4*t - 56960, -49*r = -2*t - 45*r + 28494. What is the thousands digit of t?
4
Let q = 131 + -20. Let s = 386 - q. What is the tens digit of s?
7
Suppose 23994 = 17*m - 94751. What is the hundreds digit of m?
9
Let l(h) = -2*h**3 - 13*h**2 + 14*h + 33. Suppose 5*w + 29 = -n - 14, w + n + 11 = 0. What is the tens digit of l(w)?
1
Let u be -28*(9/(-24)*-4)/(-3). What is the hundreds digit of (1/3)/((-146500)/(-10464) - u)?
8
Suppose -30*w - 18*w + 342762 = -34*w. What is the tens digit of w?
8
Let r(g) = g**3 - 21*g**2 - 103*g + 1163. What is the tens digit of r(25)?
8
Let s = -65 + 68. Suppose -2*h = 3*c - 30, 0 = -5*h - c - s*c + 68. What is the units digit of -1 + -3 + h*11?
8
Let k = 2981 + 562. Suppose k = -18*r + 8889. What is the hundreds digit of r?
2
Let p(y) = 211*y + 3366. What is the tens digit of p(112)?
9
Let g(y) = -10*y - 150. Let l be g(-15). Suppose -5*f + 1144 + 526 = l. What is the units digit of f?
4
Suppose 3*y + n - 48752 = -0*y, 4*y - 5*n = 64990. What is the units digit of y?
0
Let w(m) = -74*m**3 - 17*m**2 - 93*m + 36. What is the units digit of w(-6)?
6
Let d(s) be the second derivative of s**5/20 + 5*s**4/6 - s**3/6 - 7*s**2/2 - s. Let f be (-66)/165*(10 - -10). What is the units digit of d(f)?
9
Suppose -10*w - 30230 = -175748 - 3902. What is the tens digit of w?
4
Let l(z) = -2*z**3 - z**2 + 3*z + 4. Let h be l(-2). Suppose -3*x + 295 - h = 0. Let t = x + 7. What is the tens digit of t?
0
Suppose -2*j = -3*d + 93 - 95, -3*j - 5*d = -22. Suppose x + x = -5*l + 10, 2*x = -l + 26. Suppose z - j*g - 16 = x, 0 = -3*g. What is the tens digit of z?
3
Let b = -74 - -36. Let a = b - -42. Suppose 2*o - 2*k = 4*o - 84, 2*o = a*k + 54. What is the units digit of o?
7
Let s(m) = 44*m + 177. Let g(t) = -11*t + 24. Let n be g(0). What is the hundreds digit of s(n)?
2
Let z(x) = -1066*x - 12. What is the units digit of z(-1)?
4
Let r = -35 + 55. Suppose 0 = -2*j + 2*z + r, 0 = -4*j + 2*j - z + 14. Suppose -j*s = -6*s - 248. What is the units digit of s?
4
Let z = 1436 - 699. Let j = z - 463. What is the units digit of j?
4
Suppose -3*x - r + 1575 = 174, 0 = -2*x + 4*r + 934. Let c = -325 + x. What is the units digit of c?
2
What is the thousands digit of 3*83*-35*(-8)/160*4?
1
Let l(t) be the third derivative of t**5/30 - 7*t**4/24 - 23*t**3/3 + 139*t**2 + 2*t. What is the units digit of l(13)?
1
Let y(k) = 7*k + 16. Let p(a) = -13*a - 32. Let t(h) = 4*p(h) + 7*y(h). Let d be t(-5). What is the units digit of 8 + (4 + d - 4)?
7
Let r(p) = 56451*p + 1332. What is the tens digit of r(1)?
8
Let l = 86 - 43. Let k = -28 + l. What is the tens digit of (-3*13)/(k/(-20))?
5
Let o be -2*3/(-6)*-1 - -4. Let q be -3 + 471*(0 + 1/o). Let n = 274 - q. What is the tens digit of n?
2
Let q(y) = -56*y + 310. Let j be q(6). What is the hundreds digit of (j - 0)/(-2)*16585/155?
3
Suppose -2*h - 3*g + g + 3994 = 0, -4*h - g = -8000. Suppose -4*b + h + 1599 = 4*l, b + 4482 = 5*l. What is the tens digit of l?
9
Let v = 1204 - -16. Suppose 3*b = s + v, 6*b - 8*b = -s - 814. What is the units digit of b?
6
Let w(l) = -3*l - 16. Let v be w(-5). Let c be (-30)/2 + -7 + 3 + v. What is the units digit of c/(-5) + -2 + 89?
1
Let n be (-46)/(-11) - (-11)/((-363)/6). Suppose -3*m - 4*v - 6 = 0, n = -m + 2*v - 4*v. Suppose 0 = -8*f + m*f + 1260. What is the tens digit of f?
1
Let u = -271 - 455. What is the hundreds digit of (-5 + 39/9)*u?
4
Let k(y) = 994*y**2 + 200*y - 1024. What is the ten thousands digit of k(5)?
2
Let z(i) = 4*i - 44. Let s be z(15). Let x be 336/s*2/(-3). Let u(v) = 2*v**2 + 15*v - 17. What is the tens digit of u(x)?
6
Let r(p) = 8*p + 58. Suppos